04111
-c970 (base 14) to base 13
-12ab2
Convert -964d (base 16) to base 4.
-21121031
-16117aa (base 14) to base 13
-231154a
What is -22427 (base 8) in base 6?
-111543
Convert 101d58 (base 14) to base 7.
4421441
-26b64a (base 15) to base 10
-1861045
-4534554 (base 6) to base 10
-230470
Convert 232210032 (base 4) to base 16.
2e90e
What is 433b11 (base 12) in base 4?
10003311331
What is 1011101110000100111 (base 2) in base 5?
44242124
-15a8a2 (base 13) to base 3
-1000022101100
-211106 (base 7) to base 5
-2131123
Convert -1dcdc (base 14) to base 2.
-10010101101011010
1501243 (base 6) to base 8
247533
Convert 14132157 (base 8) to base 7.
36062613
-142a88b (base 12) to base 13
-ab6620
-25202101 (base 6) to base 12
-330331
105156 (base 15) to base 11
490490
Convert -30302303210 (base 4) to base 16.
-332ce4
2174512 (base 8) to base 6
20334414
What is 10222222200122 (base 3) in base 5?
1021004123
Convert -647563 (base 8) to base 15.
-44432
Convert 120210011 (base 4) to base 10.
100613
-2885062 (base 9) to base 16
-1848a7
Convert 294b116 (base 13) to base 12.
449473a
Convert -446d9 (base 16) to base 13.
-9a761
Convert 53023165 (base 7) to base 12.
15ba751
What is -76a67 (base 15) in base 2?
-1011100000010001100
What is 1242003443 (base 5) in base 16?
2ef9df
220311000 (base 4) to base 13
5b170
7cb248 (base 13) to base 3
12120201001202
310331013103 (base 4) to base 9
28107234
What is -29074 (base 14) in base 16?
-18cfe
Convert -1c0b3d (base 14) to base 11.
-6240a5
Convert -3e90ad (base 15) to base 16.
-2e0ac5
What is -141102 (base 7) in base 16?
-68b5
341413032 (base 5) to base 10
1513517
Convert -148651 (base 9) to base 3.
-11122201201
Convert 340124041 (base 5) to base 13.
401b34
Convert 255731 (base 9) to base 4.
211320013
-97a62 (base 13) to base 7
-2221261
What is 2955a50 (base 11) in base 2?
10011010110101100101010
What is 145061 (base 7) in base 3?
1102122022
What is 103432 (base 15) in base 12?
311a3b
Convert -74636 (base 10) to base 14.
-1d2b2
Convert -1001101110000011011 (base 2) to base 8.
-1156033
Convert -1289237 (base 10) to base 15.
-1a6ee2
-13720771 (base 8) to base 10
-3121657
What is -314601 (base 10) in base 14?
-82917
-623850 (base 10) to base 3
-1011200202120
What is 101210210121201 (base 3) in base 4?
111322032121
Convert -655601 (base 7) to base 15.
-24072
What is 10964c6 (base 13) in base 9?
10528868
101221022000 (base 3) to base 2
110100100011100111
Convert -59e3 (base 16) to base 7.
-124042
What is -4025133 (base 7) in base 10?
-477186
-249619 (base 10) to base 15
-4de64
What is -7526a (base 13) in base 15?
-42943
Convert -5d34 (base 15) to base 6.
-231521
Convert 10a576 (base 13) to base 11.
24a199
-200012310 (base 4) to base 13
-47b20
-31320330 (base 5) to base 6
-5331003
10413404203 (base 5) to base 8
53572702
Convert 6cbef (base 16) to base 3.
211122000011
What is 1b51530 (base 12) in base 13?
12913b9
-30013111 (base 4) to base 10
-49621
Convert 2015302 (base 6) to base 8.
273066
-1021120333 (base 4) to base 11
-19593a
What is 22766721 (base 9) in base 11?
6292497
Convert 2b925 (base 16) to base 5.
21202334
Convert 3248435 (base 10) to base 12.
1107a6b
Convert 234020 (base 5) to base 3.
102211211
-39ab0c (base 14) to base 12
-7bab34
c6ad3 (base 15) to base 7
5233212
What is 1000001101101100101110 (base 2) in base 7?
24205506
What is 26556452 (base 7) in base 9?
4545508
-1b2d09 (base 15) to base 7
-14161461
Convert 389ac (base 15) to base 6.
3514130
What is 102053520 (base 6) in base 7?
21063141
What is 1132005 (base 8) in base 16?
4b405
Convert 176273 (base 8) to base 9.
107667
-1310233133 (base 4) to base 5
-110300200
What is -c2dd (base 16) in base 8?
-141335
Convert -3420122 (base 6) to base 12.
-84642
3131742 (base 9) to base 10
1674389
-161906 (base 12) to base 13
-102366
-1142214 (base 5) to base 6
-243451
882279 (base 10) to base 6
30524343
-93900 (base 12) to base 8
-571120
21121101012 (base 3) to base 11
a253a
What is 1123233242 (base 5) in base 12?
a32a1b
-3421420 (base 5) to base 14
-18272
1365673 (base 8) to base 10
388027
Convert 61a (base 12) to base 6.
4034
What is -9a0215 (base 11) in base 3?
-10000002110211
Convert 101001011111101111 (base 2) to base 8.
513757
131122322 (base 4) to base 15
25a8b
Convert -43583 (base 9) to base 6.
-341503
Convert 12207a4 (base 11) to base 9.
3886405
-2503414 (base 12) to base 10
-7221904
Convert c28b5 (base 14) to base 6.
14011343
What is 5362c (base 13) in base 16?
24bb0
What is -587412 (base 12) in base 5?
-331011414
Convert -2e746 (base 15) to base 12.
-72a79
-23410012 (base 8) to base 14
-972586
What is -10000100001100101 (base 2) in base 16?
-10865
Convert -22201000333 (base 4) to base 2.
-1010100001000000111111
-10000110011000101100001 (base 2) to base 14
-828b17
Convert 232403 (base 9) to base 4.
202010232
-212340425 (base 6) to base 13
-a18c46
What is 1442969 (base 13) in base 2?
11000100010010111100011
What is 100121212001 (base 3) in base 5?
22030213
What is 5141205 (base 6) in base 8?
741405
-10000111100101100001111 (base 2) to base 8
-20745417
2640045 (base 9) to base 14
298085
What is 2221311032 (base 5) in base 7?
56250562
What is -381720 (base 9) in base 14?
-60245
33176 (base 14) to base 16
1e384
What is -12053235 (base 6) in base 8?
-1347067
What is -435dd (base 14) in base 7?
-1246266
Convert 14231572 (base 8) to base 14.
5dd134
What is 11452335 (base 7) in base 14?
1c828c
Convert -10111000010001000 (base 2) to base 12.
-46720
What is -11202102220 (base 3) in base 13?
-33807
What is -320577 (base 9) in base 7?
-1423051
1356074 (base 9) to base 12
2bb74a
-1183a (base 13) to base 8
-76637
9cb910 (base 14) to base 9
11028006
What is 220021120221 (base 3) in base 7?
4030240
What is 1111312100 (base 4) in base 5?
42223012
What is 6077421 (base 9) in base 7?
36353056
1221300303 (base 4) to base 10
433203
What is 242240 (base 13) in base 15?
12045e
What is 13061a2 (base 12) in base 3?
21001011120212
What is 1955a7 (base 13) in base 10?
640309
2406366 (base 11) to base 12
14a4117
10020101201 (base 3) to base 16
f8e0
88c9b0 (base 13) to base 10
3226860
Convert 13c8cc (base 15) to base 4.
3220312032
-2518f (base 16) to base 5
-14330301
What is -13990e (base 15) in base 5?
-220144124
-4423558 (base 9) to base 14
-45c739
Convert 1000010100100001010011 (base 2) to base 8.
10244123
What is 21651360 (base 8) in base 2?
10001110101001011110000
-3131310 (base 4) to base 8
-33564
101010000010011111 (base 2) to base 7
1315005
Convert b7351 (base 12) to base 4.
322300231
729807 (base 10) to base 9
1332086
What is -30214332 (base 5) in base 15?
-4b9cc
What is 1ee779 (base 16) in base 8?
7563571
Convert fce821 (base 16) to base 10.
16574497
Convert 323132003 (base 5) to base 6.
45330021
What is -1000010011010010011111 (base 2) in base 14?
-4090bd
738262 (base 9) to base 3
211022022002
What is 50455031 (base 7) in base 8?
20010435
3778a6 (base 11) to base 14
117305
What is 7b2b63 (base 13) in base 9?
5438781
20455140 (base 8) to base 12
1558600
Convert 110000101011001110011001 (base 2) to base 11.
7225825
-11101100100011001111 (base 2) to base 16
-ec8cf
1385680 (base 10) to base 11
86709a
-11146a (base 12) to base 16
-42652
What is 101002110200 (base 3) in base 2?
110000011111100110
Convert 101111210 (base 4) to base 3.
10121102002
What is 89546 (base 12) in base 15?
38ec9
Convert -1b77b3 (base 14) to base 5.
-222344022
2322221 (base 6) to base 3
20002021011
-314a20 (base 15) to base 2
-1000111100011001010010
What is -30b89 (base 14) in base 10?
-117525
-4560045 (base 7) to base 12
-2353a6
What is 32011122 (base 4) in base 13?
20349
What is 8546566 (base 10) in base 7?
132434050
-203000013132 (base 4) to base 16
-8c01de
What is -a79e9 (base 16) in base 12?
-2913a1
Convert 314314002 (base 5) to base 14.
266202
-34066 (base 14) to base 16
-1ed6a
-21012122102 (base 3) to base 7
-1130456
What is 97212 (base 10) in base 4?
113232330
14721 (base 15) to base 9
110144
Convert -2001220002 (base 3) to base 10.
-40745
-5c4b7 (base 15) to base 4
-1013330221
-111301102 (base 4) to base 5
-10323140
Convert -77617 (base 12) to base 10.
-158131
Convert 56463403 (base 7) to base 5.
2224001341
What is bc9c7c (base 15) in base 3?
121220221012100
98035 (base 12) to base 9
335015
What is 121222022